{"id":13,"date":"2019-11-05T19:29:38","date_gmt":"2019-11-05T18:29:38","guid":{"rendered":"http:\/\/xboxtest.service-gsm.eu\/xbox\/?page_id=13"},"modified":"2021-12-10T12:54:53","modified_gmt":"2021-12-10T11:54:53","slug":"faq","status":"publish","type":"page","link":"https:\/\/xbox-serwis.eu\/xbox\/faq\/","title":{"rendered":"FAQ"},"content":{"rendered":"<div>\n<ul dir=\"ltr\">\n<li style=\"text-align: center;\"><a href=\"http:\/\/xboxtest.service-gsm.eu\/index.php\/faq#model_napedu\"><strong>Jak sprawdzi\u0107 model nap\u0119du DVD w konsoli Xbox 360?<\/strong><\/a><\/li>\n<li style=\"text-align: center;\"><a href=\"http:\/\/xboxtest.service-gsm.eu\/index.php\/faq#obudowy\"><strong>Rodzaje obud\u00f3w stosowane w Microsoft Xbox 360<\/strong><\/a><\/li>\n<li style=\"text-align: center;\"><a href=\"http:\/\/xboxtest.service-gsm.eu\/index.php\/faq#plyty\"><strong>P\u0142yty g\u0142\u00f3wne stosowane w konsolach Xbox 360<\/strong><\/a><\/li>\n<\/ul>\n<\/div>\n<hr \/>\n<p style=\"text-align: center;\" align=\"center\"><strong><a name=\"model_napedu\"><\/a>Jak sprawdzi\u0107 model nap\u0119du w konsoli XBOX 360?<\/strong><\/p>\n<p style=\"text-align: center;\"><strong>1.<\/strong>\u00a0Po kszta\u0142cie tacki nap\u0119du DVD.<\/p>\n<p style=\"text-align: center;\" align=\"center\"><img loading=\"lazy\" src=\"\/xbox\/wp-content\/themes\/xbox-template\/assets\/img\/galeria\/dvd-sam-lg.jpg\" width=\"229\" height=\"232\" border=\"0\" \/><img loading=\"lazy\" src=\"\/xbox\/wp-content\/themes\/xbox-template\/assets\/img\/galeria\/dvd-benq-liteon.jpg\" width=\"231\" height=\"234\" border=\"0\" \/><\/p>\n<p style=\"text-align: center;\"><strong>2.<\/strong>\u00a0Po kolorach przewod\u00f3w w nap\u0119dzie DVD,<br \/>\nzdejmuj\u0105c panel przedni konsoli.<\/p>\n<p style=\"text-align: center;\" align=\"center\"><img loading=\"lazy\" src=\"\/xbox\/wp-content\/themes\/xbox-template\/assets\/img\/galeria\/drivetype1.jpg\" width=\"203\" height=\"192\" border=\"0\" \/>\u00a0<img loading=\"lazy\" src=\"\/xbox\/wp-content\/themes\/xbox-template\/assets\/img\/galeria\/drivetype2.jpg\" width=\"300\" height=\"157\" border=\"0\" \/><\/p>\n<hr \/>\n<p style=\"text-align: center;\" align=\"center\"><strong><a name=\"plyty\"><\/a>P\u0142yty g\u0142\u00f3wne stosowane w konsoli Xbox 360:<\/strong><\/p>\n<p style=\"text-align: center;\" align=\"center\"><img loading=\"lazy\" src=\"\/xbox\/wp-content\/themes\/xbox-template\/assets\/img\/galeria\/board_xenon.jpg\" width=\"270\" height=\"191\" border=\"0\" \/>\u00a0<img loading=\"lazy\" src=\"\/xbox\/wp-content\/themes\/xbox-template\/assets\/img\/galeria\/board_zephyr.jpg\" width=\"259\" height=\"192\" border=\"0\" \/><\/p>\n<p style=\"text-align: center;\" align=\"center\"><img loading=\"lazy\" src=\"\/xbox\/wp-content\/themes\/xbox-template\/assets\/img\/galeria\/board_falcon.jpg\" width=\"272\" height=\"197\" border=\"0\" \/>\u00a0<img loading=\"lazy\" src=\"\/xbox\/wp-content\/themes\/xbox-template\/assets\/img\/galeria\/board_opus.jpg\" width=\"258\" height=\"199\" border=\"0\" \/><\/p>\n<p style=\"text-align: center;\" align=\"center\"><img loading=\"lazy\" src=\"\/xbox\/wp-content\/themes\/xbox-template\/assets\/img\/galeria\/board_jasper.jpg\" width=\"272\" height=\"192\" border=\"0\" \/>\u00a0<img loading=\"lazy\" src=\"\/xbox\/wp-content\/themes\/xbox-template\/assets\/img\/galeria\/xbox360modelguide.jpg\" width=\"260\" height=\"163\" border=\"0\" \/><\/p>\n<p style=\"text-align: center;\" align=\"center\">Wersj\u0119 p\u0142yty g\u0142\u00f3wnej mo\u017cna r\u00f3wnie\u017c pozna\u0107 po z\u0142\u0105czu zasilania.<\/p>\n<blockquote>\n<blockquote>\n<blockquote>\n<table class=\"aligncenter w-100\" border=\"1\">\n<tbody>\n<tr class=\"p-2 m-2\">\n<td class=\"p-2 m-2\">Model p\u0142yty g\u0142\u00f3wnej:<\/td>\n<td class=\"p-2 m-2\">Zasilacz:<\/td>\n<td class=\"p-2 m-2\">Napi\u0119cie:<\/td>\n<td class=\"p-2 m-2\">Pob\u00f3r mocy:<\/td>\n<td class=\"p-2 m-2\">HDMI:<\/td>\n<td class=\"p-2 m-2\">Data premiery:<\/td>\n<\/tr>\n<tr>\n<td class=\"p-2 m-2\"><strong>XENON<\/strong><\/td>\n<td class=\"p-2 m-2\">203W<\/td>\n<td class=\"p-2 m-2\">12V<\/td>\n<td class=\"p-2 m-2\">16,5A<\/td>\n<td class=\"p-2 m-2\">nie<\/td>\n<td class=\"p-2 m-2\">pocz\u0105tek 2005r<\/td>\n<\/tr>\n<tr>\n<td class=\"p-2 m-2\"><strong>ZEPHYR<\/strong><\/td>\n<td class=\"p-2 m-2\">203W<\/td>\n<td class=\"p-2 m-2\">12V<\/td>\n<td class=\"p-2 m-2\">16,5A<\/td>\n<td class=\"p-2 m-2\">tak<\/td>\n<td class=\"p-2 m-2\">pocz\u0105tek 2008r<\/td>\n<\/tr>\n<tr>\n<td class=\"p-2 m-2\"><strong>FALCON<\/strong><\/td>\n<td class=\"p-2 m-2\">175W<\/td>\n<td class=\"p-2 m-2\">12V<\/td>\n<td class=\"p-2 m-2\">14,2A<\/td>\n<td class=\"p-2 m-2\">tak<\/td>\n<td class=\"p-2 m-2\">koniec 2007r<\/td>\n<\/tr>\n<tr>\n<td class=\"p-2 m-2\"><strong>OPUS<\/strong><\/td>\n<td class=\"p-2 m-2\">175W<\/td>\n<td class=\"p-2 m-2\">12V<\/td>\n<td class=\"p-2 m-2\">14,2A<\/td>\n<td class=\"p-2 m-2\">nie<\/td>\n<td class=\"p-2 m-2\">\u015brodek 2008r<\/td>\n<\/tr>\n<tr>\n<td class=\"p-2 m-2\"><strong>JASPER<\/strong><\/td>\n<td class=\"p-2 m-2\">150W<\/td>\n<td class=\"p-2 m-2\">12V<\/td>\n<td class=\"p-2 m-2\">12,1A<\/td>\n<td class=\"p-2 m-2\">tak<\/td>\n<td class=\"p-2 m-2\">koniec 2008r<\/td>\n<\/tr>\n<\/tbody>\n<\/table>\n<\/blockquote>\n<blockquote><p>Por\u00f3wnanie p\u0142yt g\u0142\u00f3wnych:<\/p><\/blockquote>\n<hr \/>\n<p style=\"text-align: center;\" align=\"center\"><strong><a name=\"obudowy\"><\/a>Rodzaje obud\u00f3w stosowane w konsoli Xbox 360:<\/strong><\/p>\n<p style=\"text-align: center;\" align=\"center\"><img loading=\"lazy\" src=\"\/xbox\/wp-content\/themes\/xbox-template\/assets\/img\/galeria\/xbox360-back.jpg\" width=\"295\" height=\"150\" border=\"0\" \/><\/p>\n<p style=\"text-align: center;\" align=\"center\">data produkcji:\u00a0<strong>2005-2006r,<\/strong><\/p>\n<p style=\"text-align: center;\" align=\"center\">(bez z\u0142\u0105cza HDMI)<\/p>\n<p style=\"text-align: center;\" align=\"center\"><img loading=\"lazy\" src=\"\/xbox\/wp-content\/themes\/xbox-template\/assets\/img\/galeria\/xbox360-hdmi.jpg\" width=\"297\" height=\"150\" border=\"0\" \/><\/p>\n<p style=\"text-align: center;\" align=\"center\">data produkcji:\u00a0<strong>2007-2009r,<\/strong><\/p>\n<p style=\"text-align: center;\" align=\"center\">(ze z\u0142\u0105czem HDMI)<\/p>\n<p style=\"text-align: center;\" align=\"center\">\n<\/blockquote>\n<\/blockquote>\n","protected":false},"excerpt":{"rendered":"<p>Jak sprawdzi\u0107 model nap\u0119du DVD w konsoli Xbox 360? Rodzaje obud\u00f3w stosowane w Microsoft Xbox 360 P\u0142yty g\u0142\u00f3wne stosowane w konsolach Xbox 360 Jak sprawdzi\u0107 model nap\u0119du w konsoli XBOX 360? 1.\u00a0Po kszta\u0142cie tacki nap\u0119du DVD. 2.\u00a0Po kolorach przewod\u00f3w w nap\u0119dzie DVD, zdejmuj\u0105c panel przedni konsoli. \u00a0 P\u0142yty g\u0142\u00f3wne stosowane w konsoli Xbox 360: \u00a0 [&hellip;]<\/p>\n","protected":false},"author":1,"featured_media":0,"parent":0,"menu_order":0,"comment_status":"closed","ping_status":"closed","template":"","meta":[],"yoast_head":"<!-- This site is optimized with the Yoast SEO plugin v16.9 - https:\/\/yoast.com\/wordpress\/plugins\/seo\/ -->\n<meta name=\"description\" content=\"Najcz\u0119\u015bciej zadawane i najbardziej popularne pytania. Jest to typowy zbi\u00f3r informacyjny dla naszych klient\u00f3w, zapraszamy do lektury.\" \/>\n<meta name=\"robots\" content=\"index, follow, max-snippet:-1, max-image-preview:large, max-video-preview:-1\" \/>\n<link rel=\"canonical\" href=\"https:\/\/xbox-serwis.eu\/xbox\/faq\/\" \/>\n<meta property=\"og:locale\" content=\"pl_PL\" \/>\n<meta property=\"og:type\" content=\"article\" \/>\n<meta property=\"og:title\" content=\"FAQ - Xbox-Serwis.eu - Profesjonalny serwis konsol\" \/>\n<meta property=\"og:description\" content=\"Najcz\u0119\u015bciej zadawane i najbardziej popularne pytania. Jest to typowy zbi\u00f3r informacyjny dla naszych klient\u00f3w, zapraszamy do lektury.\" \/>\n<meta property=\"og:url\" content=\"https:\/\/xbox-serwis.eu\/xbox\/faq\/\" \/>\n<meta property=\"og:site_name\" content=\"Xbox-Serwis.eu - Profesjonalny serwis konsol\" \/>\n<meta property=\"article:modified_time\" content=\"2021-12-10T11:54:53+00:00\" \/>\n<meta property=\"og:image\" content=\"https:\/\/xbox-serwis.eu\/xbox\/wp-content\/themes\/xbox-template\/assets\/img\/galeria\/dvd-sam-lg.jpg\" \/>\n<meta name=\"twitter:card\" content=\"summary_large_image\" \/>\n<meta name=\"twitter:label1\" content=\"Szacowany czas czytania\" \/>\n\t<meta name=\"twitter:data1\" content=\"3 minuty\" \/>\n<script type=\"application\/ld+json\" class=\"yoast-schema-graph\">{\"@context\":\"https:\/\/schema.org\",\"@graph\":[{\"@type\":\"WebSite\",\"@id\":\"https:\/\/xbox-serwis.eu\/xbox\/#website\",\"url\":\"https:\/\/xbox-serwis.eu\/xbox\/\",\"name\":\"Xbox-Serwis.eu - Profesjonalny serwis konsol\",\"description\":\"Napraw\\u0105 sprz\\u0119tu elektronicznego zajmujemy si\\u0119 od 15 lat. Specjalizujemy si\\u0119 w naprawach konsol. Mamy bogate do\\u015bwiadczenie w lutowaniu uk\\u0142ad\\u00f3w BGA, uBGA oraz SMD. Dysponujemy profesjonaln\\u0105 stacj\\u0105 lutownicz\\u0105 BGA na podczerwie\\u0144.\",\"potentialAction\":[{\"@type\":\"SearchAction\",\"target\":{\"@type\":\"EntryPoint\",\"urlTemplate\":\"https:\/\/xbox-serwis.eu\/xbox\/?s={search_term_string}\"},\"query-input\":\"required name=search_term_string\"}],\"inLanguage\":\"pl-PL\"},{\"@type\":\"ImageObject\",\"@id\":\"https:\/\/xbox-serwis.eu\/xbox\/faq\/#primaryimage\",\"inLanguage\":\"pl-PL\",\"url\":\"\/xbox\/wp-content\/themes\/xbox-template\/assets\/img\/galeria\/dvd-sam-lg.jpg\",\"contentUrl\":\"\/xbox\/wp-content\/themes\/xbox-template\/assets\/img\/galeria\/dvd-sam-lg.jpg\"},{\"@type\":\"WebPage\",\"@id\":\"https:\/\/xbox-serwis.eu\/xbox\/faq\/#webpage\",\"url\":\"https:\/\/xbox-serwis.eu\/xbox\/faq\/\",\"name\":\"FAQ - Xbox-Serwis.eu - Profesjonalny serwis konsol\",\"isPartOf\":{\"@id\":\"https:\/\/xbox-serwis.eu\/xbox\/#website\"},\"primaryImageOfPage\":{\"@id\":\"https:\/\/xbox-serwis.eu\/xbox\/faq\/#primaryimage\"},\"datePublished\":\"2019-11-05T18:29:38+00:00\",\"dateModified\":\"2021-12-10T11:54:53+00:00\",\"description\":\"Najcz\\u0119\\u015bciej zadawane i najbardziej popularne pytania. Jest to typowy zbi\\u00f3r informacyjny dla naszych klient\\u00f3w, zapraszamy do lektury.\",\"breadcrumb\":{\"@id\":\"https:\/\/xbox-serwis.eu\/xbox\/faq\/#breadcrumb\"},\"inLanguage\":\"pl-PL\",\"potentialAction\":[{\"@type\":\"ReadAction\",\"target\":[\"https:\/\/xbox-serwis.eu\/xbox\/faq\/\"]}]},{\"@type\":\"BreadcrumbList\",\"@id\":\"https:\/\/xbox-serwis.eu\/xbox\/faq\/#breadcrumb\",\"itemListElement\":[{\"@type\":\"ListItem\",\"position\":1,\"name\":\"Strona g\\u0142\\u00f3wna\",\"item\":\"https:\/\/xbox-serwis.eu\/xbox\/\"},{\"@type\":\"ListItem\",\"position\":2,\"name\":\"FAQ\"}]}]}<\/script>\n<!-- \/ Yoast SEO plugin. -->","yoast_head_json":{"description":"Najcz\u0119\u015bciej zadawane i najbardziej popularne pytania. Jest to typowy zbi\u00f3r informacyjny dla naszych klient\u00f3w, zapraszamy do lektury.","robots":{"index":"index","follow":"follow","max-snippet":"max-snippet:-1","max-image-preview":"max-image-preview:large","max-video-preview":"max-video-preview:-1"},"canonical":"https:\/\/xbox-serwis.eu\/xbox\/faq\/","og_locale":"pl_PL","og_type":"article","og_title":"FAQ - Xbox-Serwis.eu - Profesjonalny serwis konsol","og_description":"Najcz\u0119\u015bciej zadawane i najbardziej popularne pytania. Jest to typowy zbi\u00f3r informacyjny dla naszych klient\u00f3w, zapraszamy do lektury.","og_url":"https:\/\/xbox-serwis.eu\/xbox\/faq\/","og_site_name":"Xbox-Serwis.eu - Profesjonalny serwis konsol","article_modified_time":"2021-12-10T11:54:53+00:00","og_image":[{"url":"https:\/\/xbox-serwis.eu\/xbox\/wp-content\/themes\/xbox-template\/assets\/img\/galeria\/dvd-sam-lg.jpg"}],"twitter_card":"summary_large_image","twitter_misc":{"Szacowany czas czytania":"3 minuty"},"schema":{"@context":"https:\/\/schema.org","@graph":[{"@type":"WebSite","@id":"https:\/\/xbox-serwis.eu\/xbox\/#website","url":"https:\/\/xbox-serwis.eu\/xbox\/","name":"Xbox-Serwis.eu - Profesjonalny serwis konsol","description":"Napraw\u0105 sprz\u0119tu elektronicznego zajmujemy si\u0119 od 15 lat. Specjalizujemy si\u0119 w naprawach konsol. Mamy bogate do\u015bwiadczenie w lutowaniu uk\u0142ad\u00f3w BGA, uBGA oraz SMD. Dysponujemy profesjonaln\u0105 stacj\u0105 lutownicz\u0105 BGA na podczerwie\u0144.","potentialAction":[{"@type":"SearchAction","target":{"@type":"EntryPoint","urlTemplate":"https:\/\/xbox-serwis.eu\/xbox\/?s={search_term_string}"},"query-input":"required name=search_term_string"}],"inLanguage":"pl-PL"},{"@type":"ImageObject","@id":"https:\/\/xbox-serwis.eu\/xbox\/faq\/#primaryimage","inLanguage":"pl-PL","url":"\/xbox\/wp-content\/themes\/xbox-template\/assets\/img\/galeria\/dvd-sam-lg.jpg","contentUrl":"\/xbox\/wp-content\/themes\/xbox-template\/assets\/img\/galeria\/dvd-sam-lg.jpg"},{"@type":"WebPage","@id":"https:\/\/xbox-serwis.eu\/xbox\/faq\/#webpage","url":"https:\/\/xbox-serwis.eu\/xbox\/faq\/","name":"FAQ - Xbox-Serwis.eu - Profesjonalny serwis konsol","isPartOf":{"@id":"https:\/\/xbox-serwis.eu\/xbox\/#website"},"primaryImageOfPage":{"@id":"https:\/\/xbox-serwis.eu\/xbox\/faq\/#primaryimage"},"datePublished":"2019-11-05T18:29:38+00:00","dateModified":"2021-12-10T11:54:53+00:00","description":"Najcz\u0119\u015bciej zadawane i najbardziej popularne pytania. Jest to typowy zbi\u00f3r informacyjny dla naszych klient\u00f3w, zapraszamy do lektury.","breadcrumb":{"@id":"https:\/\/xbox-serwis.eu\/xbox\/faq\/#breadcrumb"},"inLanguage":"pl-PL","potentialAction":[{"@type":"ReadAction","target":["https:\/\/xbox-serwis.eu\/xbox\/faq\/"]}]},{"@type":"BreadcrumbList","@id":"https:\/\/xbox-serwis.eu\/xbox\/faq\/#breadcrumb","itemListElement":[{"@type":"ListItem","position":1,"name":"Strona g\u0142\u00f3wna","item":"https:\/\/xbox-serwis.eu\/xbox\/"},{"@type":"ListItem","position":2,"name":"FAQ"}]}]}},"_links":{"self":[{"href":"https:\/\/xbox-serwis.eu\/xbox\/wp-json\/wp\/v2\/pages\/13"}],"collection":[{"href":"https:\/\/xbox-serwis.eu\/xbox\/wp-json\/wp\/v2\/pages"}],"about":[{"href":"https:\/\/xbox-serwis.eu\/xbox\/wp-json\/wp\/v2\/types\/page"}],"author":[{"embeddable":true,"href":"https:\/\/xbox-serwis.eu\/xbox\/wp-json\/wp\/v2\/users\/1"}],"replies":[{"embeddable":true,"href":"https:\/\/xbox-serwis.eu\/xbox\/wp-json\/wp\/v2\/comments?post=13"}],"version-history":[{"count":13,"href":"https:\/\/xbox-serwis.eu\/xbox\/wp-json\/wp\/v2\/pages\/13\/revisions"}],"predecessor-version":[{"id":648,"href":"https:\/\/xbox-serwis.eu\/xbox\/wp-json\/wp\/v2\/pages\/13\/revisions\/648"}],"wp:attachment":[{"href":"https:\/\/xbox-serwis.eu\/xbox\/wp-json\/wp\/v2\/media?parent=13"}],"curies":[{"name":"wp","href":"https:\/\/api.w.org\/{rel}","templated":true}]}}